3*o + 3*r + 3 = 0, 5*o - 3*o - 5*r + 4 = 0. Let f = 1 + -3. Let k be (36/(-15))/(f/20). Calculate the greatest common divisor of o and k.
3
Let a = -11 + 47. Let z(y) = -3 + 14*y + 5 + 4. Let q be z(6). Calculate the highest common factor of q and a.
18
Let s = 47 - 41. Calculate the highest common factor of s and 4.
2
Let h(k) = k**3 + 6*k**2 - 7*k + 1. Let p be h(-7). Calculate the highest common divisor of 7 and p.
1
Let q(z) = 31*z**2 - z. Let s be q(1). What is the greatest common factor of 45 and s?
15
Let j(y) = -y + 21. Let r be j(18). Suppose -3*b + b + 33 = 3*l, -5*b + 3*l + 51 = 0. Suppose -2*f + b = -f. What is the highest common factor of r and f?
3
Let h = 2 - 0. Suppose -h*a = a. Suppose 2*o = -2, -o - 6 + a = -d. Calculate the greatest common factor of 45 and d.
5
Let z = -54 - -76. Calculate the highest common factor of z and 22.
22
Let v be 1 - (2 + -4 - 2). Suppose -m + 2*m - 8 = 0. Let p = 13 - m. What is the greatest common factor of p and v?
5
Suppose 2*u = 7 + 13. What is the highest common factor of 40 and u?
10
Suppose -d = 2*d. Suppose -90 = -5*g - d*g - 4*o, 0 = 4*g + 3*o - 72. What is the greatest common factor of g and 45?
9
Let c(w) = -8*w + 1. Let k = -2 + 3. Let m be c(k). Let d(q) = q**3 + 7*q**2 - 7*q + 6. Let a be d(m). Calculate the greatest common divisor of a and 22.
11
Suppose f - 1 + 0 = a, -8 = -a - 2*f. Suppose 4*r + 16 = z + 3*z, 2*z + r = a. Calculate the highest common factor of z and 1.
1
Let t(o) = 0 - 36*o**2 + 1 + 17*o**3 + 35*o**2. Let s be t(1). Calculate the greatest common factor of 85 and s.
17
Suppose w - 46 + 21 = -4*n, 3*w = 2*n - 23. Let g be ((-2)/(-6))/((-2)/(-6)). Calculate the highest common factor of n and g.
1
Let g be 48/9*3/2. Let j(n) = -n**3 + 7*n**2 - n - 4. Let z be (-68)/(-18) - (-4)/18. Let h be j(z). What is the highest common divisor of h and g?
8
Let s(g) = g**3 - 10*g**2 + 12*g - 1. Suppose 0 = -2*z + 12 + 6. Let m be s(z). Calculate the highest common factor of 78 and m.
26
Suppose 0 = -5*k + 2*j + 237, 0 = 4*k - 4*j + 5*j - 187. Suppose -4*y + r - 2*r = -k, -y - 3*r = -20. What is the highest common factor of y and 1?
1
Let l be 3*(0 + -1)*-4. Let o = -11 + l. Calculate the highest common factor of 4 and o.
1
Suppose 20 - 8 = 3*g. What is the greatest common factor of g and 1?
1
Let k = -14 + 6. Let c(h) = -h - 1. Let v be c(k). Calculate the highest common divisor of 63 and v.
7
Suppose 0 = -p + 5*p + 3*i - 76, 3*i = -5*p + 95. Suppose -342 = 2*f - 4*f. Calculate the greatest common divisor of f and p.
19
Let l(g) = 29*g + 1. Let n be l(2). Suppose -5*t - 58 = -q + n, 102 = q - 2*t. What is the greatest common divisor of 23 and q?
23
Let o be 66/(-4)*2/(-3). Suppose s = 2*s - 33. Calculate the highest common divisor of o and s.
11
Let l(z) = -z**3 + 7*z**2 - z - 3. Let a be l(6). Suppose 0*u - 135 = -u. What is the highest common divisor of u and a?
27
Let i(z) = z**2 + 5*z + 7. Let n be i(-7). Suppose -4*s + n = -3. Suppose -3*u = s, 2*b - 4*u - 268 = -2*b. What is the highest common factor of 26 and b?
13
Suppose -2*y - 2 = 0, 5*h + 1 = 4*y + 5. Suppose 4*g + 24 = 4. Let m = h - g. Calculate the greatest common divisor of 2 and m.
1
Suppose 0*i - 45 = -5*p + 5*i, 24 = p + 2*i. Calculate the greatest common factor of p and 154.
14
Let w = 63 + -57. What is the greatest common factor of w and 48?
6
Let v(t) = -2*t**3 - 3*t**2 - t. Let s(j) = -j**2 + j - 2. Let b be s(0). Let a be v(b). Let y = a + 27. What is the greatest common divisor of y and 3?
3
Let t be (4/3)/(2/48). Calculate the highest common factor of 8 and t.
8
Let n = -15 - 27. Let p = n + 114. Let c be 4/(((-1)/2)/(-1)). What is the highest common divisor of p and c?
8
Let p = 0 - -2. Let w(l) = l + 7. Let x = -5 + 0. Let k be w(x). Calculate the highest common factor of k and p.
2
Suppose 0 = 18*q - 19*q + 14. What is the greatest common factor of 154 and q?
14
Let w be ((-168)/(-1))/(6/4). Let x = 22 - 6. Calculate the greatest common factor of w and x.
16
Let s = 57 - 12. What is the greatest common factor of 9 and s?
9
Suppose o = -2*b - 3*o + 70, -2*b + 2*o + 40 = 0. Suppose 10*w + 5 = 55. What is the highest common factor of w and b?
5
Let y(u) = u**2 - 4*u + 3. Let g be y(2). Let m = 4 - g. What is the highest common factor of 45 and m?
5
Suppose 4*l + 4*y - 37 - 19 = 0, -l - 5*y = -30. Calculate the highest common divisor of l and 40.
10
Let z be (-60)/(-2) + (1 - 3). Calculate the greatest common factor of 196 and z.
28
Let a = 47 - 35. What is the greatest common factor of a and 8?
4
Suppose -8*z = -3*z - 95. Suppose -2*o - 114 = -4*o. Calculate the highest common divisor of z and o.
19
Let t = 4 + 76. Calculate the highest common divisor of t and 10.
10
Suppose -16 = -3*h + 3*p - 1, 9 = 3*h - p. Suppose -108 = -u - h*u. What is the greatest common divisor of u and 90?
18
Let o(k) = -3*k - 29. Let w be o(-16). What is the greatest common factor of w and 171?
19
Suppose -4*w = -7*w + 36. Let k = -8 + w. What is the highest common divisor of k and 10?
2
Let j be (-88)/(-9) - (-10)/45. Suppose -2*b + j = -10. Calculate the highest common divisor of b and 70.
10
Suppose 9*c - 520 = 7*c. Calculate the highest common factor of 26 and c.
26
Let a(z) = 4*z - 9*z - z**2 - 5*z + 4. Let j be a(-10). Suppose -4*f + j*l + 492 = 0, -2*l - 19 = 3*f - 378. What is the greatest common factor of 11 and f?
11
Let l be (63/(-4))/((-12)/32). Let d be 3 + -1 + l - -1. Calculate the greatest common divisor of 9 and d.
9
Suppose t + 3*b = -2*b + 49, -4*t = -b - 91. What is the greatest common divisor of 16 and t?
8
Let i = 114 + -51. What is the greatest common divisor of i and 7?
7
Let v = 0 + 26. Calculate the greatest common factor of v and 130.
26
Let m(j) = -j**3 - 4*j**2 - 3. Let k be m(-4). Let r(f) = f + 4. Let b be r(k). What is the greatest common factor of b and 9?
1
Suppose s - 3*z + 4 = -s, -3*z = 3*s - 24. Suppose y - s = -y. What is the highest common divisor of y and 1?
1
Let c be ((-390)/35)/(-2 - 39/(-21)). What is the greatest common divisor of c and 6?
6
Suppose -4 = -2*a - x, -5*x + 1 = 3*a - x. Suppose a*m = m + 24. What is the highest common divisor of m and 96?
12
Suppose -41 = -n - 3. Calculate the greatest common factor of n and 38.
38
Let p = 141 - 97. Calculate the highest common divisor of p and 4.
4
Suppose -119 = -f - 4*s, -5*f = -s - s - 683. Calculate the highest common divisor of f and 15.
15
Let f = 76 - 47. Calculate the highest common divisor of f and 261.
29
Suppose 0 = -3*n + 3*o + 57, 0 = 3*n + 2*o - 21 - 51. Calculate the greatest common factor of n and 22.
22
Suppose 54 = 3*k - 12. Suppose -4*x = -n - k, x - n - 13 = 3*n. Calculate the highest common factor of 1 and x.
1
Suppose 5*p = -5*j + 35, -p - 1 = -2*j - 2. Let m = 2 + p. Let h be (-7)/(-1 + -1 - -1). What is the highest common factor of m and h?
7
Suppose -4*z + 111 = 5*d - 0*d, 4*z - 84 = 4*d. Calculate the highest common factor of 36 and z.
12
Let h(t) = t**2 - 5*t - 3. Let z be h(6). Let f be 1/z + 592/6. Calculate the greatest common divisor of 11 and f.
11
Suppose 7*v - 36 = 3*v + 4*t, 3*v = -t + 47. What is the greatest common divisor of v and 140?
14
Let g be 5/((-10)/(-28)) + 4 + -4. Calculate the highest common divisor of 7 and g.
7
Let m be ((-2)/(-3))/1*6. Suppose -284 = -m*o + 4. Let y be (169/9 - 1) + (-36)/(-162). What is the greatest common divisor of y and o?
18
Let j = -77 + 187. Let y = 200 - j. Calculate the greatest common divisor of y and 10.
10
Let k be 1 + -1 + (-6)/(-2). Let i(p) = -p - 10. Let q be i(-7). Let l be q/(-2)*(-1 + 3). What is the greatest common factor of k and l?
3
Suppose 0 = -4*u - 8*u + 144. Calculate the greatest common divisor of 24 and u.
12
Let g = 11 - -6. Suppose 0 = 5*m + 99 - 439. What is the greatest common factor of m and g?
17
Let m be 5555/10 - (-3)/(-2). Suppose -5*r = 2*l - m, -l + 41 = 3*r - 292. What is the highest common divisor of 16 and r?
16
Suppose 2*c = p + 32, 0 = 4*p - 8*p. What is the highest common divisor of c and 128?
16
Let u(i) = -3*i - 1. Let a be u(-5). Let l be (-140)/4*12/(-14). Suppose -2*k + l = 2*f, 0*f - 2*f + 72 = 5*k. Calculate the greatest common factor of a and k.
14
Suppose -15 - 21 = -x. What is the highest common factor of x an